00125.
5, 18401
List the prime factors of 12803899.
31, 53, 7793
What are the prime factors of 3592044?
2, 3, 113, 883
List the prime factors of 63722.
2, 151, 211
What are the prime factors of 1832039?
11, 17, 97, 101
List the prime factors of 242771.
103, 2357
What are the prime factors of 2315490?
2, 3, 5, 79, 977
What are the prime factors of 953909?
11, 86719
List the prime factors of 114180.
2, 3, 5, 11, 173
List the prime factors of 638301.
3, 263, 809
What are the prime factors of 25046534?
2, 991, 12637
What are the prime factors of 5395345?
5, 1079069
List the prime factors of 24204.
2, 3, 2017
List the prime factors of 1656258.
2, 3, 276043
What are the prime factors of 108358?
2, 17, 3187
What are the prime factors of 23661050?
2, 5, 7, 67, 1009
What are the prime factors of 260562?
2, 3, 43427
What are the prime factors of 972280?
2, 5, 109, 223
List the prime factors of 1060551.
3, 117839
What are the prime factors of 249947?
249947
What are the prime factors of 9078322?
2, 11, 412651
List the prime factors of 230483.
11, 23, 911
What are the prime factors of 115978?
2, 103, 563
What are the prime factors of 224477?
11, 20407
What are the prime factors of 1108532?
2, 431, 643
List the prime factors of 5453594.
2, 53, 51449
What are the prime factors of 5763698?
2, 41, 70289
What are the prime factors of 880507?
233, 3779
List the prime factors of 162444.
2, 3, 13537
List the prime factors of 986123.
83, 109
List the prime factors of 511633.
511633
What are the prime factors of 1345543?
179, 7517
What are the prime factors of 502529?
163, 3083
List the prime factors of 8179825.
5, 327193
What are the prime factors of 396230?
2, 5, 39623
What are the prime factors of 4247423?
139, 30557
What are the prime factors of 10254485?
5, 17, 120641
What are the prime factors of 1405142?
2, 97, 7243
What are the prime factors of 673811?
673811
List the prime factors of 13959793.
13959793
What are the prime factors of 607616?
2, 47, 101
List the prime factors of 35683917.
3, 251, 47389
What are the prime factors of 233455?
5, 46691
List the prime factors of 144676.
2, 7, 5167
List the prime factors of 139208.
2, 17401
List the prime factors of 594934.
2, 297467
List the prime factors of 4124516.
2, 11, 93739
What are the prime factors of 3803573?
383, 9931
What are the prime factors of 139530?
2, 3, 5, 4651
List the prime factors of 7012730.
2, 5, 383, 1831
List the prime factors of 175535.
5, 35107
What are the prime factors of 1004572?
2, 251143
List the prime factors of 2929712.
2, 17, 10771
What are the prime factors of 807090?
2, 3, 5, 26903
What are the prime factors of 9206668?
2, 379, 6073
What are the prime factors of 1559983?
1559983
What are the prime factors of 3598254?
2, 3, 11, 17, 1069
List the prime factors of 5585295.
3, 5, 372353
List the prime factors of 36123447.
3, 12041149
What are the prime factors of 341735?
5, 41, 1667
What are the prime factors of 1804923?
3, 22283
What are the prime factors of 6936?
2, 3, 17
List the prime factors of 20465.
5, 4093
What are the prime factors of 5639302?
2, 2819651
What are the prime factors of 3969352?
2, 331, 1499
What are the prime factors of 8656809?
3, 7, 23, 17923
List the prime factors of 22710044.
2, 7, 59, 233
What are the prime factors of 2526789?
3, 41, 20543
What are the prime factors of 472838?
2, 17, 13907
What are the prime factors of 342650?
2, 5, 7, 11, 89
List the prime factors of 4329400.
2, 5, 21647
List the prime factors of 1065743.
7, 152249
List the prime factors of 2675801.
29, 92269
What are the prime factors of 2715605?
5, 467, 1163
What are the prime factors of 2901932?
2, 11, 101, 653
List the prime factors of 7064464.
2, 11, 41, 89
What are the prime factors of 5358652?
2, 13, 7927
List the prime factors of 1069666.
2, 13, 41141
What are the prime factors of 22285940?
2, 5, 1114297
What are the prime factors of 2567144?
2, 107, 2999
List the prime factors of 904502.
2, 17, 37, 719
List the prime factors of 474400.
2, 5, 593
What are the prime factors of 547884?
2, 3, 19, 89
What are the prime factors of 34950?
2, 3, 5, 233
List the prime factors of 8510485.
5, 29, 58693
List the prime factors of 5224969.
5224969
What are the prime factors of 19402058?
2, 13, 746233
What are the prime factors of 139527?
3, 37, 419
What are the prime factors of 8120651?
7, 11, 263, 401
What are the prime factors of 6005507?
23, 37, 7057
List the prime factors of 727683.
3, 11, 22051
What are the prime factors of 412666?
2, 23, 8971
List the prime factors of 116308.
2, 29077
What are the prime factors of 2686706?
2, 11, 97, 1259
What are the prime factors of 526218?
2, 3, 7, 11, 17, 67
List the prime factors of 9614.
2, 11, 19, 23
List the prime factors of 2830308.
2, 3, 13, 18143
List the prime factors of 63126.
2, 3, 7, 167
List the prime factors of 2470084.
2, 617521
List the prime factors of 2073719.
2073719
List the prime factors of 558145.
5, 7, 37, 431
List the prime factors of 7402911.
3, 2467637
What are the prime factors of 369422?
2, 184711
List the prime factors of 2983257.
3, 110491
List the prime factors of 905231.
31, 29201
What are the prime factors of 12206081?
12206081
List the prime factors of 11328760.
2, 5, 71, 3989
What are the prime factors of 25994479?
7, 17, 61, 3581
List the prime factors of 678298.
2, 229, 1481
List the prime factors of 54319.
54319
What are the prime factors of 7681577?
7681577
What are the prime factors of 28201578?
2, 3, 79, 59497
What are the prime factors of 6971766?
2, 3, 199, 5839
What are the prime factors of 842679?
3, 109, 859
List the prime factors of 1638116.
2, 409529
What are the prime factors of 1028404?
2, 13, 19777
What are the prime factors of 91911?
3, 30637
What are the prime factors of 204362?
2, 102181
What are the prime factors of 106864?
2, 6679
What are the prime factors of 27165813?
3, 17, 532663
List the prime factors of 163202.
2, 13, 6277
What are the prime factors of 3761035?
5, 752207
List the prime factors of 571989.
3, 11, 17333
What are the prime factors of 264248?
2, 17, 29, 67
List the prime factors of 2979114.
2, 3, 17, 29207
List the prime factors of 465082.
2, 19, 12239
What are the prime factors of 35299660?
2, 5, 11, 160453
List the prime factors of 3486114.
2, 3, 293, 661
What are the prime factors of 12304726?
2, 7, 71, 12379
What are the prime factors of 7693754?
2, 3846877
What are the prime factors of 14310829?
13, 1100833
List the prime factors of 2477336.
2, 309667
List the prime factors of 16801.
53, 317
List the prime factors of 2965739.
7, 31, 79, 173
What are the prime factors of 15606056?
2, 1950757
List the prime factors of 1523539.
1523539
List the prime factors of 233210.
2, 5, 23321
What are the prime factors of 6850057?
6850057
List the prime factors of 6182363.
11, 277, 2029
What are the prime factors of 23265?
3, 5, 11, 47
What are the prime factors of 13036135?
5, 7, 372461
What are the prime factors of 12346793?
12346793
List the prime factors of 3940662.
2, 3, 11, 59707
List the prime factors of 33997905.
3, 5, 755509
List the prime factors of 453757.
453757
What are the prime factors of 2172367?
2172367
List the prime factors of 6442980.
2, 3, 5, 73, 1471
What are the prime factors of 64485?
3, 5, 1433
List the prime factors of 1267996.
2, 17, 29, 643
What are the prime factors of 4866196?
2, 109, 11161
What are the prime factors of 541647?
3, 743
What are the prime factors of 2868282?
2, 3, 159349
What are the prime factors of 3553699?
3553699
What are the prime factors of 1451905?
5, 7, 13, 3191
What are the prime factors of 3910843?
3910843
What are the prime factors of 989963?
13, 271, 281
What are the prime factors of 385486?
2, 192743
What are the prime factors of 131249?
131249
What are the prime factors of 229672?
2, 19, 1511
What are the prime factors of 104033?
104033
List the prime factors of 9608255.
5, 191, 10061
List the prime factors of 12672132.
2, 3, 11, 96001
List the prime factors of 4049614.
2, 47, 67, 643
List the prime factors of 5598666.
2, 3, 199, 521
List the prime factors of 1195924.
2, 71, 4211
What are the prime factors of 246734?
2, 19, 43, 151
What are the prime factors of 1625451?
3, 541817
List the prime factors of 465725.
5, 13, 14